 1212 and 1704.
12
Calculate the highest common factor of 1952 and 160.
32
Calculate the highest common factor of 915 and 361303.
61
What is the highest common factor of 56962 and 38?
38
Calculate the highest common divisor of 8 and 94868.
4
What is the greatest common factor of 981 and 17143956?
981
What is the highest common factor of 90 and 2118510?
90
Calculate the greatest common divisor of 404 and 183618.
202
Calculate the highest common divisor of 13552 and 973.
7
What is the highest common factor of 7562 and 760?
38
What is the highest common factor of 108 and 78786?
54
What is the highest common factor of 49111 and 35917?
733
What is the highest common divisor of 189 and 26159?
7
Calculate the greatest common divisor of 77 and 145453.
77
Calculate the highest common factor of 217 and 760616.
31
What is the highest common divisor of 540 and 4540?
20
Calculate the highest common divisor of 21507 and 97887.
201
Calculate the greatest common divisor of 3782 and 2728.
62
Calculate the highest common divisor of 2350 and 22.
2
What is the highest common divisor of 13053 and 2983?
19
Calculate the greatest common divisor of 11950 and 4302.
478
Calculate the highest common divisor of 10268582 and 1046.
1046
What is the highest common factor of 77 and 868?
7
Calculate the highest common factor of 117 and 18473.
13
Calculate the greatest common factor of 663 and 5083.
221
Calculate the highest common factor of 1552 and 9118.
194
Calculate the highest common factor of 1000 and 13800.
200
What is the greatest common factor of 91976 and 56?
8
Calculate the highest common factor of 88942 and 8.
2
What is the greatest common factor of 460175 and 425?
25
What is the highest common divisor of 8550 and 1350?
450
What is the highest common divisor of 1539 and 762318?
513
What is the greatest common factor of 172080 and 3375?
45
What is the highest common divisor of 56181 and 4941?
183
What is the greatest common factor of 49730 and 40?
10
What is the highest common divisor of 18070 and 10?
10
What is the greatest common divisor of 116 and 692?
4
What is the greatest common divisor of 52601 and 46?
23
Calculate the highest common divisor of 1144 and 3773.
11
What is the highest common divisor of 5490 and 42273?
549
What is the highest common factor of 45 and 6105?
15
What is the highest common factor of 34215 and 135?
15
Calculate the highest common factor of 695952 and 2673.
243
What is the greatest common divisor of 513 and 2869?
19
Calculate the highest common factor of 3888 and 43600.
16
Calculate the highest common divisor of 5130 and 60610.
190
Calculate the highest common divisor of 1452 and 4752.
132
Calculate the highest common factor of 12335 and 186.
1
What is the greatest common factor of 112 and 15668?
4
Calculate the highest common divisor of 18 and 75393.
9
Calculate the greatest common factor of 174 and 741066.
174
What is the greatest common divisor of 125664 and 81158?
2618
Calculate the highest common factor of 61664 and 517.
47
What is the greatest common factor of 84108 and 49878?
978
Calculate the greatest common divisor of 16 and 48152.
8
Calculate the greatest common divisor of 39182 and 2877.
137
Calculate the greatest common divisor of 24 and 57048.
24
What is the highest common divisor of 89218 and 62?
62
Calculate the highest common divisor of 370 and 36112.
74
Calculate the highest common divisor of 60 and 1215.
15
Calculate the highest common divisor of 15794786 and 1106.
1106
Calculate the highest common divisor of 987 and 12453.
21
Calculate the highest common divisor of 3835 and 65.
65
What is the greatest common factor of 3099206 and 1074?
358
What is the greatest common factor of 311913 and 63?
63
What is the highest common divisor of 486 and 43866?
18
What is the greatest common divisor of 26220 and 1104?
276
What is the highest common factor of 1927 and 86264?
41
Calculate the highest common factor of 124333 and 127.
127
What is the greatest common factor of 59740 and 255440?
2060
What is the highest common factor of 244 and 342454?
122
Calculate the greatest common factor of 55825 and 29.
29
What is the highest common factor of 49 and 416059?
49
What is the greatest common factor of 4056 and 1104?
24
Calculate the greatest common divisor of 1152 and 332712.
72
Calculate the highest common divisor of 11548 and 4.
4
Calculate the highest common factor of 621 and 1884114.
621
What is the greatest common divisor of 19625 and 1000?
125
Calculate the highest common factor of 6566 and 98.
98
What is the greatest common divisor of 756 and 190134?
378
Calculate the greatest common factor of 27268 and 2005.
401
Calculate the highest common factor of 232 and 5408.
8
Calculate the greatest common factor of 4994 and 29056.
454
Calculate the greatest common divisor of 16 and 250576.
16
Calculate the greatest common factor of 58953 and 731.
43
What is the greatest common factor of 961376 and 96?
32
Calculate the greatest common divisor of 145453 and 704.
11
What is the highest common factor of 23783 and 170?
17
Calculate the highest common factor of 1551 and 987.
141
What is the greatest common divisor of 323 and 1989?
17
Calculate the greatest common divisor of 96 and 61188.
12
Calculate the greatest common factor of 2079 and 2961.
63
What is the greatest common factor of 1147 and 1517?
37
Calculate the greatest common divisor of 66 and 121803.
33
What is the greatest common factor of 65536 and 2768?
16
What is the greatest common divisor of 16 and 534736?
16
Calculate the highest common factor of 470 and 233308.
94
What is the highest common factor of 2223 and 650351?
247
Calculate the highest common divisor of 32 and 29192.
8
Calculate the greatest common divisor of 81 and 786.
3
Calculate the greatest common factor of 23210 and 7174.
422
What is the highest common factor of 38943 and 9?
9
Calculate the greatest common divisor of 777607 and 46.
23
What is the greatest common divisor of 83782 and 652?
326
Calculate the greatest common factor of 3526 and 28044.
82
What is the highest common factor of 2842 and 5481?
203
Calculate the highest common factor of 351234 and 9.
9
Calculate the highest common factor of 2679137 and 199.
199
What is the highest common factor of 34 and 2186846?
34
Calculate the greatest common divisor of 19 and 3725653.
19
Calculate the greatest common divisor of 927786 and 606.
606
What is the highest common divisor of 56840 and 2291?
29
What is the greatest common divisor of 5020 and 3620?
20
What is the highest common divisor of 626607 and 27?
9
What is the highest common factor of 54 and 269109?
27
What is the greatest common divisor of 6696 and 11400?
24
Calculate the greatest common factor of 376 and 72.
8
What is the greatest common factor of 3516 and 858197?
293
What is the greatest common divisor of 25250 and 4250?
250
What is the highest common divisor of 540 and 13530?
30
Calculate the highest common divisor of 2058388 and 1076.
1076
Calculate the greatest common factor of 63985 and 201.
67
Calculate the greatest common divisor of 109366 and 30828.
734
Calculate the highest common divisor of 624 and 35664.
48
Calculate the greatest common factor of 32 and 94496.
32
What is the greatest common divisor of 58038 and 816?
102
Calculate the highest common divisor of 1212 and 963843.
303
Calculate the greatest common factor of 102017 and 578.
289
Calculate the highest common factor of 142 and 1846.
142
What is the highest common factor of 74 and 618862?
74
Calculate the highest common factor of 100178 and 91.
13
What is the greatest common divisor of 285 and 132285?
15
Calculate the greatest common divisor of 7721 and 7.
7
Calculate the greatest common factor of 5110 and 735.
35
Calculate the highest common factor of 800 and 57632.
32
Calculate the highest common factor of 451 and 4387.
41
Calculate the greatest common divisor of 3775 and 18325.
25
What is the highest common factor of 10175 and 1462425?
925
Calculate the greatest common divisor of 1202748 and 876.
876
What is the highest common factor of 43942 and 6604?
254
Calculate the greatest common factor of 276 and 5586148.
92
What is the greatest common divisor of 2225 and 51200?
25
What is the greatest common factor of 2128 and 2622?
38
Calc